hat is the value of -36 + (-21 - -13 - -4) - -14?
-26
2 - (17 + 1 + (-6 - 4)) - 1
-7
Calculate -13 + 24 + -24 + 25.
12
Evaluate 21 - (17 - -6 - 17).
15
Evaluate 13 + (15 - 2 - 27).
-1
Calculate (-1 - -2) + 0 - (57 - 40 - 11).
-5
What is the value of -3 + 35 - ((66 - 28) + -36)?
30
Calculate -749 - -713 - (-4 - (0 + 2) - -1).
-31
Evaluate (-3 - ((9 - 10) + (-1 - -3))) + 4.
0
Calculate 9 + -96 + 12 + 36.
-39
4 + (-6 - ((4 - 8) + -8))
10
What is the value of -3 - -7 - 14 - (-7 + 9)?
-12
Calculate 17 + -15 + 17 + 2 - (0 + 0).
21
(6 - -1) + -54 + (2 - -53)
8
(-7 - -8) + -21 + -1
-21
Evaluate (16 - (-15 - -41)) + 20.
10
-8 + 5 + 0 + 8
5
Calculate 1 - (-4 + 6 + -19) - (7 + 2).
9
What is -6 + (6 - 29) + 23?
-6
What is the value of 0 + -12 + 19 + 29 + -10?
26
Evaluate -1176 + 1176 + -1 + 26.
25
(-17 - (52 - 33)) + 52
16
Calculate 9 + 17 + -10 - (-7 - -35).
-12
What is (2 - (2 + -3) - 14) + 21?
10
Calculate -2 + (4 - 4) - (-4 + -7 - -1).
8
Calculate (-6 - -1) + 0 + 16 + 0 + -5.
6
What is -3 + (7 - (1 - -3)) + (38 - 25)?
13
-13 - ((13 - (14 + 20)) + 11)
-3
-1 + 2 + 3 + 3 - (-3 - -5)
5
What is 0 - (2 + 0 + (14 - 15))?
-1
34 + -9 + -20 - (1 + -12) - -8
24
Calculate 1 + (52 - 16) + -14 + 2.
25
What is the value of -9 - (13 - (75 - 42))?
11
What is the value of -1 - (0 + -4) - (-687 + 707)?
-17
What is the value of (4 - (6 - -2)) + 0 + (-1 - 10)?
-15
What is 3 + (11 - 4 - 8 - -9)?
11
What is the value of 3 + 8 - (-1 - (-9 + -3))?
0
-8 + 4 - (-3 + 19 - 14)
-6
What is 3 - (-1 - (0 + -3)) - -6?
7
Evaluate -4 - 13 - (-2 - 6).
-9
What is -8 - -6 - (-5 + -4 + 7 - -3)?
-3
What is the value of (-3 - (3 - 10)) + -5 + -2?
-3
Evaluate 0 - (12 - (-22 - -11)).
-23
Calculate (7 - 11 - 0) + (0 - -11).
7
Calculate 13 + (10 - 27) + -13 - 7.
-24
3 + 4 + (28 - 18) + -4
13
26 + -17 + (0 - (-13 + 2))
20
Calculate -2 + -11 + (59 - -9) + -59.
-4
-8 + (9 - -1) - (10 + -4 + 0)
-4
(-11 - (-24 - -23)) + 2 + (-30 - -4)
-34
Calculate 1 + (10 - (8 - (9 - (3 - 7)))).
16
What is the value of (0 - -11) + 13 + -28?
-4
-1 - -5 - (-30 + (-10 - (-10 - 13)))
21
-16 - -10 - -11 - -6
11
What is 10 + (18 - (0 - -9) - 5)?
14
Evaluate 3 + (2 - 5) - (12 - 8).
-4
1 + -7 - (64 + -81) - 2
9
-11 + 21 + -14 - 0
-4
Calculate -6 + 6 + (-3 - -6 - 4 - 0).
-1
Calculate 8 - (4 + -18 + -16 + 8).
30
Evaluate -21 - -1 - (49 - 53).
-16
Evaluate (5 - -2 - 24) + 13.
-4
What is (48 - 15) + (11 - 27)?
17
Calculate (416 - 418) + 2 + -18 - (0 + -6).
-12
(1 + -2 - ((13 - 15) + -12)) + -1
12
-12 - -25 - 34 - -6
-15
5 - (0 + 27 - (-15 + 20 + -2))
-19
What is 1 + -14 - (6 - (-14 - -20)) - -5?
-8
Calculate (-3 - -3) + (-9 - ((5 - -10) + -6)).
-18
Calculate (-9 - 5) + -33 + 71.
24
-5 + 14 - 14 - -13
8
What is -8 - ((-6 - 1) + 11 - 7) - -1?
-4
What is (2 - 0) + -4 + 5 + 6 + -5?
4
What is ((-22 - -26) + -15 - -21) + (-2 - 1)?
7
2 + 0 + (2 - -11 - (-10 - -22))
3
Evaluate (-37 - (-39 - -6)) + (0 + 27 - 2).
21
(2 - -3) + -6 + -1 + 1 + -20
-21
Evaluate 28 + 1 + (46 - 39).
36
What is (-2 + 0 - (2 + 0)) + (-78 - -78)?
-4
What is (2 - -2 - 0) + (-30 - -20) + 5?
-1
What is the value of 2 + 0 - ((-2 - -7) + -5 + -4)?
6
What is the value of 3 + 0 + (481 - 492)?
-8
What is the value of 11 + -3 + -7 - -13?
14
What is the value of 33 + -5 - (-11 - (-11 - -10) - -1)?
37
(32 - 13) + -19 + -2
-2
Evaluate (-237 - -217) + (29 - 1).
8
What is (19 - (-5 + 8 - -9)) + 19?
26
536 + -506 - (8 - ((-1 - -2) + 0))
23
Calculate 2 - 1 - (-59 + (16 - -35)).
9
Calculate 28 - (9 + (-37 - -65)).
-9
Calculate 12 - -6 - (-27 - -46).
-1
What is -5 + -1 - (95 - 105)?
4
28 + -17 + (-8 - 4) + -26
-27
Calculate -44 - -1 - (-147 - -86).
18
What is the value of -11 - (-76 + 82 + (-14 - -1))?
-4
What is (-7 - (1 - -1)) + 240 + -245?
-14
Evaluate 12 - ((0 - -63) + -7 - 16).
-28
What is the value of -47 + 45 - (-22 - 2) - 1?
21
Calculate (-2 - -1 - -6) + -68 + 58.
-5
Evaluate (-15 - -2 - -5) + 3 + 4.
-1
-16 + (-14 - -20) - 19
-29
-2 + 25 + -1 + (200 - 207)
15
Calculate (5 - 4 - 8) + (-44 - -63).
12
-6 + (-6 + 1 - (-8 - (-4 + 2)))
-5
Calculate -6 + (14 - 3) - (14 - 14).
5
Calculate 7 - (3 + 7 + -18) - -3.
18
17 + 6 + -16 + -3
4
(-2 - (-15 - 0)) + (16 - (23 - 6))
12
Calculate 31 - 20 - (-4 + 2 + (0 - -1)).
12
What is -14 + 37 + (-5 - (13 - (1 - -7)))?
13
(2 - 6) + (-8 - -6 - -9)
3
What is the value of 22 + (-48 - (-27 + 10)) + -5 + -1?
-15
Calculate (-5 - 0 - 0) + (21 - (22 + 1)).
-7
Calculate -18 - (-16 + -9) - 17.
-10
Calculate -3 + (18 - 26) - 0.
-11
What is 7 + -13 + 10 + -5?
-1
What is -3 + -7 + -3 + 4 + 2 + -6?
-13
Calculate -24 - (-4 + (-59 - -17)).
22
Calculate (-7 - 12 - -7) + 101 + -112.
-23
Evaluate 31 + 7 + -17 - (9 + 0).
12
1 + -5 + 9 + (-17 - -12) - -6
6
Calculate 25 - (14 + 15) - (-5 - 0) - 1.
0
What is -123 + 121 + (4 + -3 - 7)?
-8
Evaluate 1 + 3 + -116 + 137 + (-10 - -4).
19
What is the value of -280 + 269 - (14 + (-1 - -2) + 0)?
-26
Calculate -16 + (1 - (-6 + -11)).
2
Calculate 27 + (2 - -1) + (157 - 170).
17
What is 24 + -51 + 9 - -46?
28
Calculate -15 + 7 + -6 + 5.
-9
What is -4 + -44 + (33 - 23)?
-38
Evaluate 3 + 4 + 0 - (-6 - 3).
16
Calculate -23 - -11 - (9 - 44).
23
What is -11 + 3 - (7 + -10 - -10)?
-15
Evaluate -1 - -6 - (4 + -10).
11
Calculate 23 + (-62 - (-31 + 10)).
-18
Calculate -14 - (-24 + 19 + -16).
7
9 + -16 + 16 + -13 + 19
15
Evaluate -31 + 37 + (3 - 3) - 11.
-5
What is -16 - (11 + -9 - 21)?
3
Evaluate (-2 - 4) + -56 + 73.
11
Calculate 11 + -24 - (8 + -4 + -11).
-6
Evaluate -11 + (17 - (-10 + 4)) + -11.
1
What is the value of 16 + -12 + 11 + -38?
-23
What is -2 - (-4 + 9 + -4 + 1)?
-4
Calculate (2 + -5 - -12) + 4.
13
What is the value of (-46 + 92 - 44) + (0 - -6)?
8
Calculate 2 + -13 + -5 - (132 - 164).
16
Calculate -4 + 16 - 9 - 8 - 1.
-6
(14 - 5) + -2 + 10 + -5
12
What is the value of -3 + (-7 - (5 + -8 + 1)) + -3?
-11
-5 + 35 - (-1 - 11 - -16)
26
Evaluate -1 + (-32 - -32) - 9.
-10
Calculate 18 + (-17 - -15) + -11.
5
(-10 - (-17 - -22)) + 28 + 12
25
What is 29 + 6 + -36 + 35?
34
What is (-3 - (-13 + 9)) + 16 - 2?
15
What is the value of 18 - (29 - 37 - -6)?
20
Evaluate -8 + 5 + 5 - 13.
-11
What is the value of (22 - 40) + (2 - -21) - (-2 + -11)?
18
Calculate (19 - (4 + 10) - 0) + (7 - 0).
12
What is the value of -30 + (45 - 18) - (1 + 2)?
-6
What is the value of -6 - (8 - 5) - (4 + -22)?
9
Evaluate -12 - (-31 - -1) - 46.
-28
-25 + 15 + -10 + 6
-14
Calculate -6 - (-2 - (-26 + 18)).
-12
Calculate 8 - (16 - -31) - -42.
3
What is the value of (2 - 4) + (9 - 7)?
0
What is (-10 - (-8 + -8)) + -4?
2
What is 3 - (-12 - 18) - 23?
10
7 + -15 + 17 + -4 + (-1 - -4)
8
What is -16 + (-12 - -25 - 12)?
-15
What is (6 - 2) + 4 + 3 - (-88 - -87)?
12
What is the value of -1 + 4 + 0 + -210 + 225?
18
What is -38 + 27 - (13 - 2)?
-22
(445 - 424) + (2 - 2) + 1 + -2
20
Evaluate 0 + -1 + (0 - 3) + -1 - -5.
0
Evaluate (-16 - (-8 - 24)) + -27.
-11
What is 2 - (10 - 2) - (-2 - (6 - 8))?
-6
Calculate (1 + 0 - 32) + -38 + -29 + 78.
-20
31 + (6 - 20 - -2) - 1
18
What is the value of 8 - 2 - (0 + 6 - -4)?
-4
Evaluate 0 + (-8 - -12) + 11 + -6.
9
Evaluate 0 + 0 + -2 + (-8 + 15 - 10).
-5
Calculate -33 + 1 + 63 + -20.
11
-19 + 18 - 6 - -13
6
Evaluate (-25 - -17) + (-3 - (0 - -12)) + 4.
-19
-4 + (18 - 17 - -11)
8
Calculate 19 + ((-1 - 7) + 16 - 11).
16
What is 33 + (-33 - -13 - 5) - (0 + 34)?
-26
What is (-4 - 1) + (3 + 25 - (-6 - -16))?
13
Calculate -23 + 8 - (-4 - (-4 - 2)).
-17
Calculate 6 + (-53 - -26 - -4).
-17
Calculate 25 - (34 + 4 + -13).
0
What is the value of -1 - -4 - (17 - (41 - 19))?
8
What is the value of (32 - 21) + -36 + 4?
-21
-9 + (1 + 2 - (2 + 8))
-16
What is (1 - -2) + (3 - 6 - (18 - 2))?
-16
Evaluate -4 + (11 - 2) + -15 + 5.
-5
What is the value of (-14 - ((-3 - 1) + 6)) + 5?
-11
(-10 - -2) + -6 + (-3 - -10) + -7
-14
What is (29 - (-24 + 26)) + -11?
16
What is (55 - 56) + -1 + 2 + 0?
0
What is the value of (0 - -22) + (-18 - -7)?
11
Evaluate 4 + -3 + -9 + 2 + 10.
4
(-6 + (-7 - -5) - -6) + -8 + 1
-9
What is -2 - -18 - (27 + -3)?
-8
What is the value of 29 + -32 + -41 + 69?
25
What is 6 + 9 + -21 + 18?
12
Calculate -14 + -1 + 30 + -7 - 27.
-19
Evaluate -16 + 23 + -3 + -11.
-7
Evaluate 3 + 7 - 26 - 1.
-17
What is the value of 21 + (9 - 27 - 17)?
-14
-4 + 5 + 14 + -12
3
23 - (-3 - (16 - 19))
23
What is 2 - 4 - (91 + -80)?
-13
Calculate 50 + -56 - (3 + -3